1, 11059
List the prime factors of 216433506.
2, 3, 31, 41, 101, 281
List the prime factors of 414383156.
2, 11, 9417799
List the prime factors of 123691333.
31, 37, 107839
List the prime factors of 14545361.
23, 179, 3533
What are the prime factors of 2369899437?
3, 1451, 544429
List the prime factors of 315614559.
3, 13, 79, 89, 1151
What are the prime factors of 63316599?
3, 29, 727777
What are the prime factors of 8808267?
3, 13, 19, 11887
List the prime factors of 61927768.
2, 7, 239, 661
What are the prime factors of 1774252732?
2, 7, 109, 581341
What are the prime factors of 1104317298?
2, 3, 7, 8764423
What are the prime factors of 70665474?
2, 3, 11, 1070689
List the prime factors of 2069852252.
2, 13, 2309, 17239
List the prime factors of 38681959.
103, 375553
List the prime factors of 8416744272.
2, 3, 58449613
List the prime factors of 17442106.
2, 11, 433, 1831
List the prime factors of 8161080.
2, 3, 5, 47, 1447
What are the prime factors of 84261594?
2, 3, 863, 16273
What are the prime factors of 1025459448?
2, 3, 13, 17, 193337
What are the prime factors of 2699969950?
2, 5, 53999399
What are the prime factors of 65393959?
65393959
What are the prime factors of 1743858083?
11, 103, 673, 2287
List the prime factors of 25862880.
2, 3, 5, 53881
What are the prime factors of 3006552150?
2, 3, 5, 7, 954461
What are the prime factors of 2897390664?
2, 3, 7, 991, 5801
What are the prime factors of 3326864035?
5, 11, 60488437
What are the prime factors of 70383921?
3, 41, 401, 1427
List the prime factors of 8397952.
2, 65609
List the prime factors of 11333115.
3, 5, 27983
List the prime factors of 336526811.
41, 8207971
List the prime factors of 85429174.
2, 47, 908821
What are the prime factors of 4096945099?
13, 43, 89, 82349
What are the prime factors of 41626417?
7, 311, 19121
What are the prime factors of 111008587?
5573, 19919
List the prime factors of 1343278583.
1343278583
List the prime factors of 170710990.
2, 5, 17071099
What are the prime factors of 52995366?
2, 3, 1423, 2069
What are the prime factors of 2123945708?
2, 1091, 486697
What are the prime factors of 19176746?
2, 103, 127, 733
What are the prime factors of 2211943160?
2, 5, 7, 7899797
What are the prime factors of 5832580?
2, 5, 13, 22433
List the prime factors of 20790878.
2, 109, 283, 337
What are the prime factors of 383066723?
13, 113, 1543
List the prime factors of 168877903.
3851, 43853
List the prime factors of 62895849.
3, 20965283
List the prime factors of 506657795.
5, 7, 313, 6607
List the prime factors of 14053253.
23, 611011
List the prime factors of 872111474.
2, 13, 33542749
List the prime factors of 63379516.
2, 19, 641, 1301
What are the prime factors of 12556516?
2, 7, 43, 10429
List the prime factors of 60676106.
2, 89, 340877
What are the prime factors of 40811001?
3, 7, 11, 16061
What are the prime factors of 108884842?
2, 11, 131, 37781
List the prime factors of 1439366878.
2, 5153, 139663
List the prime factors of 1688888261.
1688888261
What are the prime factors of 52851349?
52851349
What are the prime factors of 357426131?
29, 173, 191, 373
List the prime factors of 5649776232.
2, 3, 2473, 95191
List the prime factors of 3718907231.
13, 12329, 23203
What are the prime factors of 114540527?
2011, 56957
List the prime factors of 4530263849.
89, 4079, 12479
What are the prime factors of 2369018195?
5, 9001, 52639
What are the prime factors of 510479135?
5, 23, 4438949
What are the prime factors of 227791663?
11, 101, 205033
List the prime factors of 781834299.
3, 43, 613, 9887
What are the prime factors of 2119154244?
2, 3, 17, 379, 27409
List the prime factors of 16351970.
2, 5, 19, 89, 967
What are the prime factors of 24062399?
3559, 6761
List the prime factors of 139188216.
2, 3, 5799509
What are the prime factors of 316171894?
2, 19, 8320313
List the prime factors of 150096802.
2, 6101, 12301
What are the prime factors of 385152988?
2, 11, 277, 31601
What are the prime factors of 25267771?
163, 155017
List the prime factors of 63428952.
2, 3, 37, 71429
What are the prime factors of 184409075?
5, 7376363
What are the prime factors of 54069866?
2, 27034933
List the prime factors of 2149806995.
5, 7, 17, 3613121
What are the prime factors of 60033393?
3, 7, 29, 1217
What are the prime factors of 49898966?
2, 13, 29, 66179
What are the prime factors of 640532661?
3, 213510887
List the prime factors of 10397341.
29, 137, 2617
What are the prime factors of 122562415?
5, 967, 25349
What are the prime factors of 638347207?
638347207
List the prime factors of 57796883.
57796883
What are the prime factors of 354717345?
3, 5, 31, 353, 2161
List the prime factors of 1621649.
131, 12379
List the prime factors of 24859144.
2, 19, 67, 2441
What are the prime factors of 1329859904?
2, 691, 30071
What are the prime factors of 2610720590?
2, 5, 261072059
List the prime factors of 34633204.
2, 1129, 7669
List the prime factors of 21136284.
2, 3, 13, 19, 2377
List the prime factors of 531163553.
531163553
What are the prime factors of 306106615?
5, 41, 1213, 1231
What are the prime factors of 46259116?
2, 1373, 8423
List the prime factors of 85872535.
5, 7, 2453501
What are the prime factors of 87284722?
2, 7, 29, 214987
List the prime factors of 157769567.
157769567
What are the prime factors of 247352477?
257, 962461
List the prime factors of 108545434.
2, 29, 1871473
List the prime factors of 694178162.
2, 29, 3271, 3659
List the prime factors of 349639144.
2, 41, 1065973
List the prime factors of 1081872760.
2, 5, 167, 161957
What are the prime factors of 22495044?
2, 3, 11, 13, 13109
What are the prime factors of 27862932?
2, 3, 17, 73, 1871
List the prime factors of 158484756.
2, 3, 43, 101, 3041
List the prime factors of 975427832.
2, 191, 239, 2671
List the prime factors of 67443519.
3, 11, 13, 157211
List the prime factors of 53269467.
3, 17756489
What are the prime factors of 301999953?
3, 439, 229309
What are the prime factors of 349688751?
3, 116562917
List the prime factors of 1587220882.
2, 13, 61046957
List the prime factors of 2370115372.
2, 41, 179, 80737
List the prime factors of 85931973.
3, 103, 92699
List the prime factors of 40174560.
2, 3, 5, 23, 1213
List the prime factors of 129960808.
2, 211, 76991
What are the prime factors of 237743142?
2, 3, 7, 13, 435427
What are the prime factors of 2215298443?
113, 271, 72341
What are the prime factors of 8524337566?
2, 4262168783
List the prime factors of 105256354.
2, 7, 59, 61, 2089
What are the prime factors of 38206040?
2, 5, 59, 16189
List the prime factors of 7797930.
2, 3, 5, 7, 71, 523
List the prime factors of 18266704.
2, 17, 67157
What are the prime factors of 241735189?
17, 14219717
List the prime factors of 4127067247.
113, 36522719
List the prime factors of 1469691410.
2, 5, 11, 43, 47, 601
What are the prime factors of 755132950?
2, 5, 11, 13, 105613
List the prime factors of 20788920.
2, 3, 5, 19249
What are the prime factors of 33553010?
2, 5, 277, 12113
What are the prime factors of 7015441493?
17, 412673029
What are the prime factors of 101107175?
5, 13, 311099
List the prime factors of 377291651.
11, 2239, 15319
What are the prime factors of 2473272?
2, 3, 34351
What are the prime factors of 61301075?
5, 11, 222913
List the prime factors of 1131683655.
3, 5, 619, 121883
List the prime factors of 2087687164.
2, 521921791
List the prime factors of 113131851.
3, 7, 59, 91309
List the prime factors of 87128938.
2, 13, 3351113
List the prime factors of 4136264915.
5, 23, 59, 609619
List the prime factors of 116545567.
389, 299603
List the prime factors of 634023634.
2, 509, 622813
What are the prime factors of 5232594560?
2, 5, 17, 480937
What are the prime factors of 88585609?
7, 59, 191, 1123
What are the prime factors of 42884496?
2, 3, 297809
What are the prime factors of 88935977?
13, 6841229
What are the prime factors of 2402926719?
3, 1657, 483389
What are the prime factors of 30336534?
2, 3, 17, 99139
List the prime factors of 621675392.
2, 13, 47, 7949
List the prime factors of 163397525.
5, 6535901
List the prime factors of 29454550.
2, 5, 89, 6619
What are the prime factors of 33938796?
2, 3, 139, 20347
What are the prime factors of 87609591?
3, 3119, 3121
Wh